8
Let o(r) = 25*r**3 - r**2 - 5*r - 4. Determine o(-1).
-25
Let f(d) = -d**3 - 10*d**2 - 18*d + 8. Calculate f(-7).
-13
Let z(b) = -19*b + 10. Determine z(-2).
48
Let o(h) = -8*h**2 + 3*h - 7. What is o(-5)?
-222
Let j(n) = -7*n - 69. What is j(-14)?
29
Let a(m) = m**2 + 20*m + 30. Give a(-18).
-6
Let n(j) = -4*j + 22. Calculate n(10).
-18
Let y(h) = 4*h - 17. Calculate y(8).
15
Let t(j) = j**2 - 4*j - 1. What is t(-5)?
44
Let g(z) = -z**3 + 32*z**2 - 3*z + 44. What is g(32)?
-52
Let o(h) = 9*h + 40. What is o(-4)?
4
Let z(s) = -7*s. Give z(-1).
7
Let p(s) = -s**2 + 7*s + 12. Give p(9).
-6
Let l(s) = -9*s - 119. Give l(-15).
16
Let g(w) = -w**2 - 5. What is g(0)?
-5
Let l(w) = -w**2 + w + 12. What is l(-4)?
-8
Let a(s) = -4*s - 37. What is a(-4)?
-21
Let v(f) = f**3 - 2*f**2 - 10*f - 5. Calculate v(-2).
-1
Let j(w) = -w**3 - 9*w**2 - 5*w + 7. Give j(-5).
-68
Let n(m) = m**3 + 6*m**2 - 4*m - 16. Determine n(-6).
8
Let c(r) = r**3 - 14*r**2 - 32*r + 2. Determine c(16).
2
Let c(r) = 2*r**3 - 10*r**2 - 17*r + 38. Calculate c(6).
8
Let x(w) = -w**2 + 17*w - 11. What is x(16)?
5
Let k(g) = 8*g - 2. Give k(1).
6
Let b(m) = m**2 - 11*m + 16. What is b(8)?
-8
Let l(z) = 8*z - 4. Determine l(5).
36
Let j(q) = 4*q**2 - 9*q + 3. Give j(3).
12
Let o(n) = -27*n + 337. What is o(13)?
-14
Let g(o) = 15*o - 94. What is g(4)?
-34
Let a(n) = -n**2 + 2*n + 66. Give a(0).
66
Let u(y) = 2*y + 30. What is u(0)?
30
Let t(y) = 52*y - 1. Calculate t(1).
51
Let u(n) = n**3 + 15*n**2 + 13*n - 19. Determine u(-14).
-5
Let f(t) = -t**3 + 7*t**2 + 3*t - 1. Calculate f(7).
20
Let y(d) = -2*d**2 - d. Determine y(-2).
-6
Let b(y) = -y - 96. Determine b(-96).
0
Let c(z) = -5*z + 18. Give c(6).
-12
Let y(n) = -3*n + 12. Calculate y(13).
-27
Let k(n) = -3*n - 4. What is k(-5)?
11
Let g(b) = b**2 + 15*b + 19. Calculate g(-13).
-7
Let s(r) = -r**3 - 9*r**2 + 5*r + 5. What is s(-9)?
-40
Let u(g) = -g**3 + 6*g**2 - 19*g + 15. Calculate u(6).
-99
Let w(b) = b**2 + 9*b - 5. Give w(-10).
5
Let f(o) = o**3 + 16*o**2 + 29. Determine f(-16).
29
Let c(z) = z**3 + 13*z**2 + 12*z - 8. Give c(-12).
-8
Let b(y) = 5*y + 10. Give b(-7).
-25
Let g(b) = 2*b**3 - 9*b**2 + 5*b - 6. What is g(4)?
-2
Let b(d) = 23*d + 18. Give b(-2).
-28
Let f(x) = -x - 61. What is f(-36)?
-25
Let l(w) = -2*w - 3. Give l(-5).
7
Let u(l) = l**3 + 20*l**2 - 25*l - 91. Give u(-21).
-7
Let g(x) = x**2 - 27*x - 296. What is g(35)?
-16
Let u(d) = -d**2 - 7*d + 1. Give u(-3).
13
Let y(a) = 5*a**2 + 2*a - 3. Determine y(-4).
69
Let g(b) = -b - 9. Calculate g(27).
-36
Let w(b) = -b**2 + 5*b + 56. Determine w(11).
-10
Let m(t) = t**3 + 5*t**2 - 6*t. Give m(-5).
30
Let b(g) = g**3 - 5*g**2 - 12*g - 10. Calculate b(7).
4
Let a(g) = -g**3 - 6*g**2 + 8*g + 14. Calculate a(-7).
7
Let w(t) = t**3 + 12*t**2 + 4*t + 12. What is w(-12)?
-36
Let n(c) = -3*c + 7. Determine n(7).
-14
Let u(l) = l**3 + 2*l**2 - l + 5. Calculate u(0).
5
Let t(v) = -v**3 - v**2 + 10*v - 3. Give t(2).
5
Let o(p) = -16*p**2 - 23*p + 21. What is o(1)?
-18
Let v(w) = -w**3 - 3*w**2 - 7*w - 7. Calculate v(-3).
14
Let o(f) = 5*f. Give o(6).
30
Let w(o) = -2*o**2 + 5*o - 4. Calculate w(4).
-16
Let x(s) = s**3 - 3*s**2 - 9*s + 7. What is x(5)?
12
Let i(c) = c**3 + 7*c**2 + 2*c + 15. Give i(-7).
1
Let t(m) = 2*m**2 - 36*m + 154. Determine t(5).
24
Let q(p) = 9*p - 4. What is q(-8)?
-76
Let k(c) = -7*c + 94. Give k(9).
31
Let j(c) = 37*c + 32. Determine j(-1).
-5
Let n(y) = -8*y**2 - y - 1. Calculate n(-1).
-8
Let a(z) = 3*z - 10. Give a(6).
8
Let h(b) = -3*b + 3. Give h(4).
-9
Let a(b) = 9*b**2 - 6*b + 6. Determine a(2).
30
Let n(d) = -5*d**3 + d**2 + d + 1. Calculate n(-2).
43
Let r(a) = a**3 - 2*a + 2. Calculate r(2).
6
Let q(o) = -o - 5. Give q(7).
-12
Let x(y) = 2*y**3 + 2*y**2 - 5*y + 13. What is x(4)?
153
Let j(u) = 7*u - 12. What is j(4)?
16
Let f(h) = 3*h**2 - 6*h + 6. Determine f(2).
6
Let u(l) = 2*l**3 + 18*l**2 + 22*l + 45. Calculate u(-8).
-3
Let m(i) = i**2 + 10*i - 8. Give m(-9).
-17
Let m(j) = 8*j**2 + 1. What is m(1)?
9
Let x(z) = -z + 4. Calculate x(8).
-4
Let s(y) = -y**3 + 4*y**2 - 5*y + 4. Determine s(2).
2
Let l(c) = -c**3 + 13*c**2 - 16*c + 34. Calculate l(12).
-14
Let b(w) = 5*w + 22. Give b(-7).
-13
Let o(p) = -2*p + 9. What is o(6)?
-3
Let g(h) = -h**3 - 7*h**2 - 5*h - 34. Determine g(-7).
1
Let z(r) = -14*r**2 - 95*r + 25. What is z(-7)?
4
Let z(r) = 5*r - 5. What is z(5)?
20
Let j(b) = -b**2 + 3*b - 6. Give j(3).
-6
Let h(z) = -5*z + 14. Determine h(-8).
54
Let k(f) = -f + 8. Give k(13).
-5
Let w(o) = -21*o - 1. Calculate w(-1).
20
Let t(c) = -2*c**2 - 2*c + 4. Calculate t(-2).
0
Let o(a) = 2*a**3 - 26*a**2 - 2*a + 11. Give o(13).
-15
Let h(p) = p**3 - 6*p**2 - 7*p + 1. What is h(-3)?
-59
Let p(h) = -2*h**2 - h + 1. What is p(-2)?
-5
Let y(k) = k**3 - 4*k**2 + 6*k + 6. Determine y(3).
15
Let m(x) = -x**2 - 13*x - 18. What is m(-9)?
18
Let f(k) = -k**3 - k**2 - 2*k + 8. Determine f(0).
8
Let d(n) = -2*n**3 + 6*n**2 - 3*n + 6. Determine d(4).
-38
Let w(k) = 49*k. Determine w(1).
49
Let x(p) = -2*p**3 - 15*p**2 + 19*p + 84. What is x(-8)?
-4
Let h(y) = -y**3 + 7*y**2 - 8*y. Give h(5).
10
Let s(r) = 37*r + 107. Give s(-3).
-4
Let j(s) = s**3 + 15*s**2 + 33*s - 36. Calculate j(-12).
0
Let s(x) = 3*x**3 - 44*x**2 + 30*x - 21. What is s(14)?
7
Let r(v) = -5*v - 23. Give r(-6).
7
Let r(n) = n**2 - 10*n + 7. What is r(11)?
18
Let k(a) = -7*a + 8. Determine k(0).
8
Let t(b) = -b - 9. Determine t(4).
-13
Let b(f) = 4*f - 21. Determine b(2).
-13
Let k(s) = 20*s - 38. What is k(-3)?
-98
Let j(u) = u**3 + 6*u**2 + 5*u - 5. What is j(-5)?
-5
Let k(l) = l**2 - 9*l + 9. Determine k(9).
9
Let h(z) = 8*z. Calculate h(2).
16
Let n(k) = -k**2 + 18*k - 85. Give n(7).
-8
Let y(b) = 93*b - 6. Calculate y(-1).
-99
Let i(q) = q**2 + 5*q + 12. Determine i(-3).
6
Let f(o) = 2*o**2 - 11*o - 94. What is f(10)?
-4
Let f(x) = -x**2 + 7*x - 6. Determine f(5).
4
Let y(t) = -30*t + 19. Calculate y(3).
-71
Let s(c) = c**3 - 4*c**2 - 10*c + 17. Determine s(5).
-8
Let f(x) = 6*x + 7. Calculate f(-2).
-5
Let t(w) = 2*w**2 - w - 9. Determine t(4).
19
Let j(f) = 38*f - 183. Calculate j(5).
7
Let d(y) = -y + 6. Give d(16).
-10
Let i(y) = y**3 - 2*y**2 + 1. Give i(3).
10
Let w(h) = -h + 10. What is w(4)?
6
Let p(i) = -i - 11. What is p(-5)?
-6
Let h(x) = -x**3 - 5*x**2 + 5*x. Calculate h(-6).
6
Let b(s) = 6*s + 116. What is b(-18)?
8
Let a(t) = -t**3 + 10*t**2 + 3*t - 11. What is a(10)?
19
Let r(m) = -10*m - 21. What is r(-3)?
9
Let d(m) = 4*m - 21. Give d(9).
15
Let x(g) = g**3 - 65*g**2 - 136*g + 139. Calculate x(67).
5
Let x(n) = 14*n + 4. Calculate x(-4).
-52
Let b(i) = -3*i**2 - i + 3. Determine b(3).
-27
Let y(w) = -5*w**2 + 3*w + 3. Calculate y(1).
1
Let z(l) = l**3 + 38*l**2 - 34*l + 196. Calculate z(-39).
1
Let o(c) = -c**2 + 46*c - 429. What is o(33)?
0
Let g(v) = -v**2 - 6*v + 10. Calculate g(-9).
-17
Let v(c) = -c**3 + 13*c**2 + 13*c + 15. Calculate v(14).
1
Let x(n) = n**3 + 26*n**2 + 48*n + 5. Determine x(-24).
5
Let t(y) = -y**2 + 12*y + 33. Determine t(14).
5
Let l(b) = -b**3 - 60*b**2 - 121*b - 292. Give l(-58).
-2
Let i(w) = w**2 - 5*w + 5. Determine i(5).
5
Let t(k) = -k + 10. Give t(7).
3
Let k(o) = o + 15. Determine k(-22).
-7
Let o(b) = b**2 - b - 11. Give o(0).
-11
Let c(w) = w**3 + 8*w**2 + 12*w - 3. Give c(-6).
-3
Let l(n) = -5*n - 27. What is l(-8)?
13
Let r(b) = b**3 - 6*b**2 + 4*b - 14. Give r(6).
10
Let c(x) = x**2 - 35*x + 196. What is c(7)?
0
Let t(f) = f**3 - 6*f**2 - 7*f + 2. What is t(7)?
2
Let d(k) = -k**3 - 3*k**2 - 2. Determine d(-3).
-2
Let d(f) = -f + 1. Calculate d(5).
-4
Let p(g) = -2*g**2 + 6*g. Give p(2).
4
Let f(l) = 2*l**3 + 5*l**2 + 3*l + 3. Calculate f(-3).
-15
Let f(p) = p**3 - 15*p**2 + 19. What is f(15)?
19
Let x(j) = 6*j + 140. What is x(-27)?
-22
Let f(c) = -c**3 - 7*c**2 - 11*c - 15. Determine f(-6).
15
Let r(a) = -21*a + 40. Give r(3).
-23
Let p(z) = 4*z + 69. What is p(-19)?
-7
Let y(v) = -v**2 + 10*v. Give y(7).
21
Let b(x) = -11*x + 52. Determine b(5).
-3
Let x(b) = b + 42. Calculate x(-27).
15
Let h(d) = 16*d + 8. Determine h(2).
40
Let i(d) = 3*d**3 + d**2 - 1. Determine i(-2).
-21
Let g(n) = -n**3 + 12*n**2 - 8*n - 11. Determine g(11).
22
Let x(c) = 40*c**3 - c - 2. Give x(-1).
-41
Let s(p) = 16*p - 4. Calculate s(3).
44